{"id":64,"date":"2021-01-21T12:35:26","date_gmt":"2021-01-21T12:35:26","guid":{"rendered":"https:\/\/cruz.mobweb360.com.br\/?page_id=64"},"modified":"2024-07-06T18:57:10","modified_gmt":"2024-07-06T18:57:10","slug":"cursos","status":"publish","type":"page","link":"https:\/\/cvbrs.org.br\/index.php\/cursos\/","title":{"rendered":"Cursos"},"content":{"rendered":"\n<p>MINICURSO de F\u00c9RIAS &#8211; CRIMINOLOGIA FEMINISTA E PR\u00c1TICA CL\u00cdNICA: UMA REFLEX\u00c3O \u00c9TICA<\/p>\n\n\n\n<p>No dia 22 de janeiro (s\u00e1bado) a Cruz Vermelha Rio Grande do Sul Ir\u00e1 ofertar, para estudantes e profissionais da \u00e1rea da Psicologia e Psiquiatria, o Minicurso Online \u201cCriminologia Feminista e Pr\u00e1tica Cl\u00ednica: uma reflex\u00e3o \u00e9tica\u201d, ministrado pela psic\u00f3loga Lu\u00edsa Cerentini.<\/p>\n\n\n\n<p>O curso ser\u00e1 Certificado pela Cruz Vermelha Brasileira Filial Rio Grande do Sul.<br>O hor\u00e1rio do mini-curso ser\u00e1 9h \u00e0s 11h e das 13h \u00e0s 15h, com certifica\u00e7\u00e3o de 4 horas.<br>Com VAGAS LIMITADAS!<\/p>\n\n\n\n<p>Reafirmando os Princ\u00edpios Humanit\u00e1rios, ser\u00e3o ofertadas 3 bolsas sociais, os detalhes das bolsas estar\u00e3o nas pr\u00f3ximas postagens, fique atento!<\/p>\n\n\n\n<p>O link para inscri\u00e7\u00f5es \u00e9 <a href=\"https:\/\/app.pipefy.com\/public\/form\/gncBYTIH\" target=\"_blank\" rel=\"noreferrer noopener\">https:\/\/app.pipefy.com\/public\/form\/gncBYTIH <\/a>(dispon\u00edvel tamb\u00e9m na BIO), e para mais informa\u00e7\u00f5es sobre o curso basta enviar um e-mail para formacaosaudemental@cvbrs.org.br.<\/p>\n\n\n\n<p>Ser\u00e3o disponibilizadas 2 formas de pagamento, pelo PIX (doacao@cvbrs.org.br), ou por transfer\u00eancia banc\u00e1ria (Ag\u00eancia 4263 (Caixa), Opera\u00e7\u00e3o 003, Conta 00000732-0).<\/p>\n\n\n\n<p>Inscreva-se!<br>As vagas s\u00e3o limitadas!<\/p>\n\n\n\n<figure class=\"wp-block-image size-large\"><img fetchpriority=\"high\" decoding=\"async\" width=\"1024\" height=\"1024\" src=\"https:\/\/cvbrs.org.br\/wp-content\/uploads\/2022\/01\/minicurso-1024x1024.jpg\" alt=\"\" class=\"wp-image-998\" srcset=\"https:\/\/cvbrs.org.br\/wp-content\/uploads\/2022\/01\/minicurso-1024x1024.jpg 1024w, https:\/\/cvbrs.org.br\/wp-content\/uploads\/2022\/01\/minicurso-300x300.jpg 300w, https:\/\/cvbrs.org.br\/wp-content\/uploads\/2022\/01\/minicurso-150x150.jpg 150w, https:\/\/cvbrs.org.br\/wp-content\/uploads\/2022\/01\/minicurso-768x768.jpg 768w, https:\/\/cvbrs.org.br\/wp-content\/uploads\/2022\/01\/minicurso-600x600.jpg 600w, https:\/\/cvbrs.org.br\/wp-content\/uploads\/2022\/01\/minicurso-100x100.jpg 100w, https:\/\/cvbrs.org.br\/wp-content\/uploads\/2022\/01\/minicurso.jpg 1080w\" sizes=\"(max-width: 1024px) 100vw, 1024px\" \/><\/figure>\n","protected":false},"excerpt":{"rendered":"<p>MINICURSO de F\u00c9RIAS &#8211; CRIMINOLOGIA FEMINISTA E PR\u00c1TICA CL\u00cdNICA: UMA REFLEX\u00c3O \u00c9TICA No dia 22 de janeiro (s\u00e1bado) a Cruz Vermelha Rio Grande do Sul Ir\u00e1 ofertar, para estudantes e profissionais da \u00e1rea da Psicologia e Psiquiatria, o Minicurso Online \u201cCriminologia Feminista e Pr\u00e1tica Cl\u00ednica: uma reflex\u00e3o \u00e9tica\u201d, ministrado pela psic\u00f3loga Lu\u00edsa Cerentini. O curso [&hellip;]<\/p>\n","protected":false},"author":3,"featured_media":0,"parent":0,"menu_order":0,"comment_status":"closed","ping_status":"closed","template":"","meta":{"footnotes":""},"class_list":["post-64","page","type-page","status-publish","hentry"],"_links":{"self":[{"href":"https:\/\/cvbrs.org.br\/index.php\/wp-json\/wp\/v2\/pages\/64","targetHints":{"allow":["GET"]}}],"collection":[{"href":"https:\/\/cvbrs.org.br\/index.php\/wp-json\/wp\/v2\/pages"}],"about":[{"href":"https:\/\/cvbrs.org.br\/index.php\/wp-json\/wp\/v2\/types\/page"}],"author":[{"embeddable":true,"href":"https:\/\/cvbrs.org.br\/index.php\/wp-json\/wp\/v2\/users\/3"}],"replies":[{"embeddable":true,"href":"https:\/\/cvbrs.org.br\/index.php\/wp-json\/wp\/v2\/comments?post=64"}],"version-history":[{"count":3,"href":"https:\/\/cvbrs.org.br\/index.php\/wp-json\/wp\/v2\/pages\/64\/revisions"}],"predecessor-version":[{"id":1001,"href":"https:\/\/cvbrs.org.br\/index.php\/wp-json\/wp\/v2\/pages\/64\/revisions\/1001"}],"wp:attachment":[{"href":"https:\/\/cvbrs.org.br\/index.php\/wp-json\/wp\/v2\/media?parent=64"}],"curies":[{"name":"wp","href":"https:\/\/api.w.org\/{rel}","templated":true}]}}